2)/(-12)*4)/(12/(-18)). Let w be l*(0 + -1)/(20 + -19). Let d be (w + (-5)/10)*(-3 + 41). Calculate the highest common factor of d and 76.
19
Let g be ((-1560)/100*3)/((-3)/20). Calculate the greatest common divisor of 1638 and g.
78
Suppose 0 = -5*o - d + 91, 0 = -2*o + 7*d - 3*d + 10. What is the greatest common divisor of o and 2975?
17
Suppose x + 0*x = j + 249, 2*x = -5*j + 505. Let w = x - -15. Calculate the greatest common divisor of 53 and w.
53
Suppose -385 = -q - b - 10, 0 = -5*q + 5*b + 1905. Calculate the greatest common divisor of 329 and q.
7
Let c(x) = 17*x + 14. Let j be c(8). Suppose j + 114 = -4*q. Let d be (-222)/(-11) - (-12)/q. Calculate the highest common divisor of 220 and d.
20
Let b = 182 + -192. Let w be ((-68)/(-4) + 5)/((-4)/b). What is the highest common divisor of w and 10?
5
Let u = -7 - -22. Suppose 10*w - u = 5*w. Suppose 6*q = 2*q - 2*h + 118, -w*q = -2*h - 106. What is the greatest common factor of 16 and q?
16
Suppose 0 = -59*u + 64184 + 29036. What is the highest common factor of u and 20?
20
Let w be (0 - 2/5)/(7/285950*-2). Calculate the highest common divisor of 760 and w.
190
Let c be (150/90 - (-37778)/24) + 1/4. Calculate the greatest common divisor of c and 8.
8
Let z(w) = w**3 + 32*w**2 - 462*w + 45. Let j be z(15). What is the greatest common divisor of 450 and j?
90
Let b = -220180 - -220218. Let u be (-2)/(-4) - 2/4. Let o = u + 19. Calculate the highest common divisor of b and o.
19
Let w be (-10)/((-1)/((-342)/(-90))). Let y be 73 - 6*1/(-2). Calculate the greatest common factor of w and y.
38
Suppose 3*q = 5*c + 867, 5*q + 151 = c - 2*c. Let a = c - -178. What is the highest common divisor of a and 133?
7
Let c = 9587 + -4988. What is the greatest common factor of c and 42?
21
Suppose 0 = -163*g + 26*g + 105216. What is the greatest common divisor of 3 and g?
3
Let s = -102 - -204. Suppose 4*p - s = -78. Calculate the greatest common factor of 102 and p.
6
Let y = 23461 + -18883. What is the highest common factor of 294 and y?
42
Suppose -2*t + y = -104, -10*t = -9*t + y - 49. What is the highest common divisor of 2703 and t?
51
Let w = -151743 - -152394. Suppose z - 11 = -c + 6*z, 0 = 4*c + 3*z - 90. Calculate the highest common factor of w and c.
21
Let q = 185 + -165. Let p(j) = j**3 - 19*j**2 - 26*j + 150. Let r be p(q). Let o = 214 + 56. Calculate the highest common divisor of o and r.
30
Suppose 52*s - 13699 = 44437. What is the highest common divisor of 817 and s?
43
Let j be (1 - 56/24)*225. Let c be 1*2/(-5) - 86520/j. What is the highest common divisor of c and 32?
32
Let j = -345 - -74. Let o = -233 - j. Calculate the greatest common divisor of 133 and o.
19
Let d be ((-5497)/956)/((-25)/24 + 1). Calculate the greatest common divisor of d and 9.
3
Let t = 4517 + -2702. What is the highest common divisor of 1650 and t?
165
Suppose -k - 4550 - 381108 = -27*k. What is the greatest common factor of 163 and k?
163
Let n be (-8)/(-6)*(7 - -95). What is the highest common factor of n and 527?
17
Let r(c) = 6*c**3 - 4*c**2 + 3*c + 30. Let z be r(6). Suppose 13*t = 7*t + z. Calculate the greatest common divisor of t and 25.
25
Let u(n) = n**2 - 2*n - 3. Let x be u(4). Let h(v) = -5*v**2 + 145*v + 245. Let i be h(30). What is the greatest common factor of x and i?
5
Suppose 3*o = 4*p - 115, 2*p - 3*p - 2*o + 37 = 0. Let i = 49 - p. What is the greatest common divisor of i and 54?
18
Suppose 0 = 5*z - 4*a + 16, 2*a + 6 = 14. Suppose z = -5*d - 40 - 100. Let w = d + 64. What is the highest common factor of 90 and w?
18
Suppose 4*t = -2*z + 1004, z + 3*t = 4*z - 1542. What is the greatest common factor of z and 90?
30
Let u(r) = r**2 + r - 13. Let z be u(9). Suppose 5*o = -3 + 23. Let w be ((-11)/2)/(6/o + -2). Calculate the greatest common divisor of w and z.
11
Suppose 3492 = 4*z - 2*w, -92 + 100 = 2*w. Calculate the greatest common divisor of 2 and z.
1
Let r(l) = -2*l**2 - 73*l + 38. Let c be r(-37). What is the greatest common factor of 883 and c?
1
Suppose -47*g + 69624 + 13905 + 77634 = 0. What is the greatest common divisor of g and 635?
127
Let u be 216 + 17/(289/(-68)). Calculate the greatest common divisor of 14204 and u.
212
Let w(r) = 5 + 9*r**2 + 34*r + 32*r - 64*r. Let b be w(3). Calculate the highest common divisor of 4 and b.
4
Let w = -13 + -1. Let t = -6 - w. Let d be (-10)/(-165) - (-64)/33. Calculate the highest common factor of d and t.
2
Let o = 10061 + -9846. Calculate the greatest common factor of o and 365.
5
Let d(r) = r - 4. Let m be d(7). Let i = 464937 - 464886. What is the greatest common factor of m and i?
3
Suppose -18*b + 15*b = 0. Suppose -6*y = g - 4*y - 55, -3*g - 4*y + 173 = b. Let d = 31 + -10. What is the greatest common factor of d and g?
21
Let w = 6 - 21. Let z = 1 - w. Let k be ((-20)/3)/(6/(-36)). Calculate the highest common divisor of z and k.
8
Let u be 2*(-1)/(-1)*(-7 + 113). Suppose -5*v = -u - 113. Suppose 4*t = v + 31. Calculate the highest common factor of t and 16.
8
Suppose 4*t + 2*o - 902 = -o, -3*o = 2*t - 454. Suppose -p = t - 281. Suppose 0 = 4*k - 3*k - 3. Calculate the highest common divisor of p and k.
3
Suppose -4*q + 5*v = -151, 2*v = 3*q - 3*v - 112. Let n = 419 - 375. Let i be (4/(-3))/(n/(-429)). What is the greatest common divisor of i and q?
13
Suppose -9*d - 75 = 114. Let o be -2*(d + (-3 - -6)). Let v be o/(-8)*4/(-6). What is the highest common divisor of v and 21?
3
Let m be 2/(-3) - (-30)/45. Suppose m = -4*n + 20, 110 = 3*f + n - 75. Calculate the greatest common factor of f and 12.
12
Let i(m) = -m**2 + 17*m - 24. Let r be 25 + -9 - (2 - 0). Let a be i(r). Calculate the highest common divisor of a and 27.
9
Suppose -4*s + 100 = p, -3*s = -2*p - 3*p - 98. Let n be 30/(-12)*(-232 + 180). Calculate the highest common divisor of s and n.
26
Suppose -4*r - 5*z = 28, -3*r - 12*z = -9*z + 24. Let d = 39 + r. What is the greatest common factor of 3 and d?
3
Suppose 0 = -21*s + 24*s + 225. Let u be 33/(-6) + 5 - s/6. Calculate the highest common factor of 492 and u.
12
Suppose 6*m = -x + m + 34, -3*x + 5*m = -102. Let b be -2*32 - (-4)/(-4). Let l = -31 - b. What is the greatest common factor of l and x?
34
Suppose 0 = 3*n + 2*s - 14, -5*n - 2*s = -n - 18. Suppose -9*m - 5*t + 110 = -4*m, n*t = -2*m + 38. What is the greatest common factor of m and 175?
25
Let w(a) = 3*a**2 - 143*a - 1392. Let q be w(56). What is the greatest common factor of 8976 and q?
8
Suppose -25 - 31 = -j. Let i be 3*((-10)/(-3))/((-24)/180). Let b = 103 + i. Calculate the greatest common factor of b and j.
28
Let s = -158 - -198. Suppose -13*q - 34 = 83. Let f be 212/20 + q/15. What is the highest common factor of f and s?
10
Let f = -5149 + 6098. Calculate the highest common factor of 73 and f.
73
Suppose 28*l - 31*l = -12. Let h = 12 + l. Calculate the greatest common divisor of 48 and h.
16
Let b(i) = i**2 - 37*i - 32. Let a be b(38). Let n be a - -9*3/(-9). What is the greatest common divisor of n and 57?
3
Suppose 15*v - 21545 = 11350. What is the highest common factor of 85 and v?
17
Suppose 7*w - 4*w - 4*l - 3259 = 0, -2*l = 12*w - 13072. What is the greatest common divisor of 990 and w?
99
Suppose 342*s - 496*s + 61217 + 14551 = 0. Let u be -1 - (-1 + -3*4). What is the greatest common divisor of s and u?
12
Suppose 0 = -2*y + 4*j + 6, 21 = 4*y - j + 2*j. Let z be 12/1 + (1 - y - -4). Calculate the highest common divisor of 4 and z.
4
Let s(p) = -p**3 - 22*p**2 - 35*p - 158. Let c be s(-20). Let t = -255 - c. Calculate the greatest common divisor of t and 24.
3
Let d = 525 + -521. Let m be d/((-49)/(-12) + -4). Let n = -43 - -79. Calculate the highest common divisor of n and m.
12
Let a = 6 + -2. Suppose b = -a*t + 30, -19 = 3*b + 2*t - 159. Suppose b + 34 = 7*x. What is the highest common factor of 12 and x?
12
Let j = 5 + -5. Let g be 4 - (0 - (j + 1)). Let r = 173 + -128. What is the highest common factor of r and g?
5
Suppose 0 = -r + 5*a + 46601, -46651 = 1627*r - 1628*r - 5*a. Calculate the highest common divisor of r and 114.
114
Let y = -292 - -293. Let t(c) = 126*c**3 - 4*c**2 + 6*c - 2. Let w be t(y). What is the highest common divisor of 28 and w?
14
Let a(d) = 5*d + 14. Let h(b) = -4*b**2 - 19*b - 6. Let l be h(-4). Suppose 5*g + l